 34?
31
Suppose 0 = -24*g + 45*g - 2688. What is the remainder when g is divided by 44?
40
Suppose 2*v - 42*j - 111 = -37*j, -2*v - 5*j + 161 = 0. Calculate the remainder when 338 is divided by v.
66
Suppose 0 = -33*d + 4918 + 1847. What is the remainder when d is divided by 45?
25
Let q = -216 - -242. Calculate the remainder when 50 is divided by q.
24
Let z(d) = -8*d**2 - 2*d + 7. Let b be z(-3). Let i = b - -84. What is the remainder when i is divided by 14?
11
Let i be (-68)/7 + (-6)/21. Let s = i + 11. Let f(x) = x**2 - 12. Calculate the remainder when f(4) is divided by s.
0
Let g be (-2)/(-5) + (-6)/15. Let o be 3 - (-139 + g + -3). Suppose 2*k = -3*k + o. Calculate the remainder when k is divided by 10.
9
Suppose -2*v + 3*u = -119, -u = -v + 25 + 32. Suppose 0 = -3*n + v + 161. Let j(m) = m**2 - m - 12. Calculate the remainder when n is divided by j(-5).
17
Suppose -13*r + 1701 = -1432. What is the remainder when r is divided by 9?
7
Let h(m) = 7 - 10*m**2 - 21*m - m**3 - 31 - 7*m**2 + 18*m. What is the remainder when 104 is divided by h(-17)?
23
Suppose 3*m + 4 = 5*m. Suppose -2*l + 3*l - m = -5*b, 2*l - 49 = -b. Let c = l - -39. What is the remainder when c is divided by 17?
15
Let x = -54 + 60. Suppose -d = 4*l - 60, -4*l + d - 33 + 101 = 0. Calculate the remainder when l is divided by x.
4
Let f(m) = -19*m + 97. Calculate the remainder when 55 is divided by f(4).
13
Calculate the remainder when 235 is divided by 0 + -12 - (213 + -253).
11
Let s be 9/(-2)*(-2)/3. Let x(p) = 3*p + 2. Suppose 3*g - 88 = 5*t, 2*g - 58 = t + 3*t. Calculate the remainder when g is divided by x(s).
9
Let g(f) = f**2 + 12*f - 11. Let v(b) = -15*b**2 + 2*b + 1. Let z be v(-1). Calculate the remainder when g(z) is divided by 14.
11
Let l(s) = -s**2 - 12*s + 13. Calculate the remainder when l(-6) is divided by 24.
1
Suppose 0 = o - 2*o - 58. Let c = 89 + o. Let n = 11 - 0. Calculate the remainder when c is divided by n.
9
Let w = -211 + 295. Let z(d) be the third derivative of -7*d**4/12 - 53*d**3/6 - 2*d**2 - 30*d. Calculate the remainder when w is divided by z(-5).
16
Suppose -34*p + 66 + 682 = 0. What is the remainder when 47 is divided by p?
3
Suppose -5*p - 3*z = -504, -2*p - 3*z + z + 200 = 0. Calculate the remainder when p is divided by 79/3 + (-4)/12.
24
Suppose -2*p + 115 = 3*t - 11, 2*t = -4. Suppose 0 = -3*x + 4*x - 34. Calculate the remainder when p is divided by x.
32
Suppose 6*j + 5 = 7*j. Suppose -j = -c + 1. What is the remainder when 16 is divided by c?
4
Suppose 986 - 323 = 39*d. What is the remainder when 175 is divided by d?
5
Suppose 8*j + 8 - 288 = 0. What is the remainder when 152 is divided by j?
12
What is the remainder when 16/(-8) + 123 - 12/(-4) is divided by 19?
10
Let x(a) = a**2 - 5*a + 2. Let o(u) = 2*u**2 - 11*u + 5. Let p(h) = 3*o(h) - 7*x(h). Let t = 11 - 6. Calculate the remainder when t is divided by p(1).
1
Let d(a) = a**2 + 26*a + 8. Let y be ((-2)/3)/(4/(-18)). Suppose -5*r + 29 - 112 = -y*g, -4*r - 116 = -4*g. What is the remainder when g is divided by d(-26)?
7
Let f be -13 + (-4)/(-2 + 0). Suppose -6*n + 2*n - 92 = 0. Let o = f - n. What is the remainder when 45 is divided by o?
9
Let z(v) = v**2 + 5*v. Suppose 2 + 3 = -h. Let s be z(h). Suppose -2*l = 2*l - 12, -2*c - 4*l + 82 = s. Calculate the remainder when c is divided by 9.
8
Let d(o) = 3*o + 3*o + 2 - 2. Let p be d(-1). Calculate the remainder when 18 is divided by ((-2)/p)/1*21.
4
Suppose n + 60 = 17*c - 16*c, 156 = 3*c + 5*n. Calculate the remainder when 130 is divided by c.
16
Let w(u) = 45*u + 6. Let m be w(2). Suppose 5*d - 19 - m = 0. Calculate the remainder when 90 is divided by d.
21
Let q = -10 + 85. Let o(c) = c - 2. Let b be o(4). Suppose 127 + q = b*v. What is the remainder when v is divided by 26?
23
Let v(r) = -17*r - 162. Calculate the remainder when 22 is divided by v(-10).
6
Let h = 7 + 3. Let r be 16/16 - (0 + -11). Let w = r - h. Calculate the remainder when 6 is divided by w.
0
Let u(q) = 5*q**2 - 2*q - 1. Let k(v) = -11*v**2 + 4*v + 2. Let p(s) = -6*k(s) - 13*u(s). What is the remainder when 149 is divided by p(-6)?
24
Suppose 6*z + 10*z - 45 - 659 = 0. Let q(m) = 3*m - 2. Calculate the remainder when z is divided by q(6).
12
Let f(v) = 3*v**2 + 20*v - v + 7 + v**2. Calculate the remainder when f(-8) is divided by 38.
35
Let l be 18/((-7)/2 + 2). Let c(o) = o**3 + 13*o**2 + 5*o + 2. Suppose -b + 0*b + 22 = 0. Calculate the remainder when c(l) is divided by b.
20
Let f = -9 - -12. Suppose -f*t = 5*w + 6, 2*w + w = 3*t - 18. Suppose t*k - 39 = 21. What is the remainder when 79 is divided by k?
19
Let c(m) = 2*m**2 - 6 + 9 - m**2 + 0. Let v = 41 + -24. Calculate the remainder when c(-8) is divided by v.
16
Let p(v) = 20*v + 28. Let r(m) = -21*m - 27. Let b(y) = -6*p(y) - 7*r(y). What is the remainder when b(2) is divided by (26/4)/((-2)/(-4))?
10
Let p = 177 - 122. What is the remainder when p is divided by 32/112 - -131*2/14?
17
Suppose -5*f = -3*k + 18, 3*k = -0*f + 2*f + 18. Let n(c) = 21*c + 7. Let u be n(-5). Calculate the remainder when u/(-6) + 2/3 is divided by k.
5
Let v be -1 - 1 - 44/(-4). Let g be 21*3/v*-1. What is the remainder when 30 is divided by 1 - g - (-3 - 0)?
8
Suppose -5*t + 3*t - 2 = 4*c, -3*c = 6. Suppose -4*f + 3*b = -57, -2*b + 63 = 5*f - t*b. Calculate the remainder when 23 is divided by f.
11
Suppose 0 = 2*f - f - 5*v - 43, 3*f - 115 = v. What is the remainder when f is divided by 16?
6
Suppose -4*s = -0*s - 184. What is the remainder when s is divided by 14 + (-126)/35 + 4/(-10)?
6
Let d be (-4)/22 + 430/(-55). Let v(n) = -n**2 - 10*n + 7. What is the remainder when 88 is divided by v(d)?
19
Suppose -35 = -4*p + 21. Let i = -8 + p. Suppose r - i*r + 170 = 0. What is the remainder when r is divided by 12?
10
Suppose -5*o + 3*i + 7 + 34 = 0, 0 = -4*o - 4*i + 20. Let g(j) = -j - 2. Let t be g(o). What is the remainder when 35 is divided by (4 - 6)*t - 0?
17
Let p(i) = 3*i - 41. What is the remainder when 17 is divided by p(16)?
3
Suppose i + 9 = 5*r, -5*r - 5*i = -0*r + 15. Let f be 86*(r - 0/1). Let k = 140 - f. Calculate the remainder when k is divided by 14.
12
Calculate the remainder when 110 is divided by (-1 - (-40)/16)*224/12.
26
Let u = -86 + 103. Calculate the remainder when 127 is divided by u.
8
Suppose 0 = -o + 5*g + 29, 5*o - 40 = 2*g + 2*g. Suppose -o*r - 4*d + 120 = 0, -9 = -r + 4*d + 6. What is the remainder when r is divided by 7?
6
Suppose -43 - 67 = -2*f. What is the remainder when f is divided by 49?
6
Let p = 74 + -59. Let t be (-4)/(-22) + 194/22. Let x = t + p. Calculate the remainder when 70 is divided by x.
22
Calculate the remainder when 37 is divided by (-70)/(-245) + -1 + 54/7.
2
Let v(u) = 2*u + 43. Let c(x) = -3*x - 65. Let z(r) = -5*c(r) - 7*v(r). Let q = 15 + -7. Calculate the remainder when z(-10) is divided by q.
6
Let i(s) = -16*s**3 + 23*s**2 + 22*s + 1. Calculate the remainder when 154 is divided by i(-1).
10
Suppose -4*s + 10 = -2*s. Suppose -s*d = -0*d + 10. What is the remainder when 71 is divided by (-15)/d*(-16)/(-5)?
23
Suppose 38 - 2 = 9*p. Let t(w) = 0*w + 4 + 4*w**2 + 2*w - 4. Calculate the remainder when t(-2) is divided by p.
0
Let l(q) = -38*q + 79. Calculate the remainder when 47 is divided by l(2).
2
Let b(a) = 2*a**3 + 15*a**2 - 11*a - 7. Let q be (-12)/66 - (-172)/(-22). Suppose -3*d + 30 + 117 = 0. What is the remainder when d is divided by b(q)?
15
Let c = 19 - 17. Suppose 2*v - c - 2 = 0. Calculate the remainder when 49 is divided by (0 - -3) + v*7.
15
Let f = 59 + -55. What is the remainder when 7 is divided by 3 + -1 - f - -5?
1
Suppose -13*x - 13 - 117 = 0. Calculate the remainder when 30 is divided by (-96)/(-10) - 4/x.
0
Suppose -6*s - 153 = -3*s. Let d = s + 75. Calculate the remainder when 86 is divided by d.
14
Suppose 30 = -4*k + 94. Let q = -18 + 4. What is the remainder when q/(2 - (-40)/(-18)) is divided by k?
15
Suppose -4*m + g = -629, 11*m - 7*m + g = 627. What is the remainder when m is divided by 32?
29
Let l(o) = -3*o**2 + 3*o + 226. Calculate the remainder when l(0) is divided by 77.
72
Let m = 557 - 286. Calculate the remainder when m is divided by 17.
16
Let w(n) = 14*n**2 - n - 17. Let m(i) = 7*i**2 - 8. Let f(x) = 13*m(x) - 6*w(x). W